*h - 34 = 2*j - h. Let l = -2 - j. Calculate the remainder when 13 is divided by l + (2 - -2) + -2.
6
Suppose 4*p - 21 = -9. Suppose 3*k - 14 = y, p*k - 3 = 2*y + 13. What is the remainder when k is divided by 1?
0
Let w = -40 + 116. Calculate the remainder when w is divided by 26.
24
Let s(j) = -5*j**3 - 3*j - 7*j**2 + 0*j + 4*j**3 - 8. Let b = 22 + 2. What is the remainder when b is divided by s(-7)?
11
Let b(z) = -z**2 + 22*z - 1. Let h be b(14). Let s = -24 + h. Calculate the remainder when s is divided by 18.
15
Let z = -24 - -42. Let n = z - 14. Calculate the remainder when 11 is divided by n.
3
Let y = 12 - 8. What is the remainder when ((-134)/(-8))/(y/16) is divided by 23?
21
Suppose -4*v + 138 = 3*c, 0*c - c = 3*v - 51. Calculate the remainder when c is divided by 15.
12
Let o = -21 - -38. Let l = o - 7. Let j = 11 + 18. Calculate the remainder when j is divided by l.
9
Let x(v) = v**3 + 27*v**2 + 50*v + 31. What is the remainder when 151 is divided by x(-25)?
27
Let i(l) = -l**3 + 8*l**2 - 7*l + 5. Let o be i(7). Suppose -4*x + 95 = o*g, -4*g + g + 84 = -3*x. Calculate the remainder when g is divided by 6.
5
Suppose 4 = -4*l + 16. Suppose l*z + 5*c = 19, 2*z - 4 = -c + 4. Calculate the remainder when z is divided by 1.
0
Let c = 15 + -13. Let a(w) = w**3 - w - 2. Let g be a(2). Suppose c*p - 2*j = j + g, 4 = 2*p - 5*j. What is the remainder when p is divided by 2?
0
Let k(n) = 3*n - 8. Let c be k(-7). Let j = c - -47. What is the remainder when j is divided by 5?
3
Suppose 4*r = 2*r + 36. Calculate the remainder when r is divided by 3*1 - (-4 + 2).
3
Suppose 0 = 4*c + 1 - 229. Calculate the remainder when c is divided by 15.
12
Let i be 3/9 + 429/9. Let l = 13 + i. Let o = -43 + l. What is the remainder when 35 is divided by o?
17
Suppose 8*p - 103 - 73 = 0. What is the remainder when 108 is divided by p?
20
Let l = 13 - -45. What is the remainder when l is divided by 20?
18
Let u = 7 - -15. Let t = -12 + u. Calculate the remainder when -1 + 0 + 3 + 20 - 4 is divided by t.
8
What is the remainder when 3/(-3 - 62/(-20)) is divided by 16?
14
Suppose 2*i = 0, -2*j + i + 46 = -0*i. Suppose -2*d + 18 = -0*d. Calculate the remainder when j is divided by d.
5
Suppose 2*x = -d + 86 - 19, -286 = -4*d + x. Suppose u = -4*y + 17 + d, -u = 0. Calculate the remainder when y is divided by -8*(0 + 1/(-3))*3.
6
Let t(r) = -r + 4. Let z be t(-2). Suppose 47 = z*c - 5*c. What is the remainder when c is divided by 10?
7
Let g(k) = 2*k**2 - 1. Let a(o) = o**2 - 4*o. Let n be a(4). Suppose -2*x + 2 + 36 = n. Calculate the remainder when x is divided by g(2).
5
Let w(q) = -2*q**3 - q**2 + 2*q - 2. Let h be w(3). Let i = 8 - 50. Let j = i - h. What is the remainder when 49 is divided by j?
15
Suppose -21*w + 3585 + 825 = 0. Calculate the remainder when w is divided by 53.
51
Suppose -2*j = j - 6. Suppose i = 4*s - 4 - 8, j*i - 4 = s. Calculate the remainder when 5 is divided by i.
1
Let i be (-1)/4 + (-4)/(-16). Suppose -4*d = -i*d. Suppose y = -s + 18, y - 2*s + 5*s - 26 = d. What is the remainder when 41 is divided by y?
13
Suppose 7*o - 120 = 2*o. Let p = -17 + o. Calculate the remainder when 20 is divided by p.
6
Let t = 150 - 129. Let b(g) = -2*g**2 + 9*g**2 + 5*g - 3 - 3*g**2. Calculate the remainder when b(-4) is divided by t.
20
Let r(l) = l**2 - l + 1. Let a be r(2). What is the remainder when ((-2)/6)/(a/(-279)) is divided by (-50)/(-3) - 2/3?
15
Let k = 73 - -89. What is the remainder when k is divided by 33?
30
Let q = -116 + 170. What is the remainder when q is divided by 11?
10
Suppose 12 = -2*g - 4*d, -4*g = 4*d + 2 + 2. Suppose 3*h = g*h. Suppose -2*j - j + 39 = h. What is the remainder when 25 is divided by j?
12
Suppose 0 = -2*l + 5*l - 5*u - 61, -2*l - 3*u + 28 = 0. What is the remainder when l is divided by 5?
2
Let n(w) = w**3 - 3*w**2 - 7*w. Let a be n(5). Let g be a/6*4/5. Suppose -4*y = -2*d - g, 4*y + 16 = 4*d - 0. Calculate the remainder when 33 is divided by d.
6
Suppose 2*n - 3*b - 8 = 0, 6*b - 7*b = -2*n + 12. Suppose 0 = 4*q - 3*q - 23. What is the remainder when q is divided by n?
2
Let o(x) = -x + 1. Let k be o(-6). Let r = 4 + k. Let z = -4 + 24. Calculate the remainder when z is divided by r.
9
Let h = 6 + -22. Let j be h/2*(-7 - -3). Let a = -23 + j. What is the remainder when 15 is divided by a?
6
Suppose -2*c = 2*k - 22, 2*k - 25 = -4*c + 3. Suppose 3*w + 122 = -4*n, 0*n - 80 = 2*w + 2*n. Let j = w + 61. Calculate the remainder when j is divided by k.
7
Let b(t) = 16*t**2 - t. Let m be (224/(-42))/((-2)/63). Suppose 2*c - m = -2*c. Calculate the remainder when c is divided by b(1).
12
Let t = -2 + 3. Let l = -2 + 6. Calculate the remainder when (l/(-6))/(2/(-6)) is divided by t.
0
Calculate the remainder when -2*2/16*-404 is divided by 26.
23
Let h(l) = l**3 - 5*l**2 - 4*l + 8. What is the remainder when h(6) is divided by 7?
6
Suppose 2*l + 2*l - 4 = 0, 3*w - 88 = -4*l. What is the remainder when 105 is divided by w?
21
Suppose -k + 3 + 0 = 0. What is the remainder when 7 is divided by k?
1
Calculate the remainder when 27 is divided by ((-4)/(-14))/((-9)/(-126)).
3
Suppose 3*m + 0 = 15. Let x = 8 - m. What is the remainder when x is divided by 2?
1
Let q(u) = -7*u - 15. Calculate the remainder when 16 is divided by q(-3).
4
Let z(b) be the first derivative of -b**4/4 + b**2/2 + b - 1. Suppose 5 = -2*r - 1, 3*r + 12 = 3*n. What is the remainder when n is divided by z(-1)?
0
Let l(o) = o**2 - o. Let d be l(2). Let n be 1*3*d - -1. Suppose -a - 2*x = -n, 33 = 5*a - x - 2. Calculate the remainder when 20 is divided by a.
6
Suppose -t + 83 = 5*m, -34 = -3*m + 2*t + 21. Suppose 8 = p + p. Suppose f = p*v + 18, 1 = f + v - 2. What is the remainder when m is divided by f?
5
Let f(z) = 16*z - 15. Calculate the remainder when f(7) is divided by 25.
22
Let p(o) = -o**2 + 11*o + 14. Let i be (-3)/(2 - -1)*-12. Suppose -2 = -v + 3. What is the remainder when v is divided by p(i)?
1
Calculate the remainder when (-106)/(-6) - (-18)/54 is divided by 10.
8
Suppose -5*a = 0, 2*a + 29 = 5*s - 6. Let k(z) = 2*z - 28. Calculate the remainder when k(20) is divided by s.
5
Suppose -p = 1, -4*s + 2*p + 119 = -p. What is the remainder when 56 is divided by s?
27
What is the remainder when 1/(2 + 484/(-244)) is divided by 21?
19
Let s(g) = 12*g - 5. Calculate the remainder when s(5) is divided by 15.
10
Suppose 96 - 10 = 2*o. Calculate the remainder when o is divided by 9.
7
Let i(f) = 280*f**2 - f - 1. What is the remainder when i(1) is divided by 40?
38
Calculate the remainder when ((-7)/(-14))/((-2)/(-268)) is divided by 18.
13
Suppose -g + 11 = -4*f, 2*g + 2*f = 7*g - 19. Suppose j + 5*n = -2*j + 9, 3*j + n = 9. Calculate the remainder when j is divided by g.
0
Let s = -98 - -117. Calculate the remainder when 112 is divided by s.
17
Suppose 6*y - 220 = y. What is the remainder when y is divided by 16?
12
Let d be (-5 - -2)*(-12)/(-2). What is the remainder when (1 - 26)*(-3 + 2) is divided by 3/(3/d*-2)?
7
Let y = 16 - -9. What is the remainder when 95 is divided by y?
20
Let z = 1 + 17. What is the remainder when z is divided by 6?
0
What is the remainder when 4/18 - (-561)/27 is divided by 11?
10
Suppose -4*s = 2*k + 4, -5*s - 27 = -3*k - 0*s. Suppose -i - y + 6 = 0, 3*i - 27 = i - 5*y. Let p = 11 - i. What is the remainder when p is divided by k?
2
Let w be -1*3*8/(-6). Suppose -y + 124 = -w. Suppose 2*r = -24 + y. What is the remainder when r is divided by 18?
16
Let n(q) = -q**2 + 6*q + 3. Let p be 6/2 + (-3)/(-1). Suppose -p*j + 2*j + 60 = 0. What is the remainder when j is divided by n(5)?
7
Suppose -2*d = -29 - 19. Let a = 42 - d. Suppose -a = -r + 33. What is the remainder when r is divided by 13?
12
Suppose -k - 6 = -2*k. Calculate the remainder when 22 is divided by k.
4
Let k = -3 + 22. Let t(l) = 6*l**3 + 2*l**2 - 2*l + 3. What is the remainder when t(2) is divided by k?
17
Calculate the remainder when -8 + 9 + 1*38 is divided by 20.
19
Let q be 3 - (-2 - (0 + -1)). Suppose q*v = -0*v + 40. Let x(m) = m**2 - m - 1. What is the remainder when x(-4) is divided by v?
9
Suppose 0*l = -5*l + 10. Let p = 0 + l. What is the remainder when p is divided by 1?
0
Let d = -2 + 22. What is the remainder when d is divided by 7?
6
Suppo